{"id":3060,"date":"2022-12-06T12:54:41","date_gmt":"2022-12-06T12:54:41","guid":{"rendered":"https:\/\/www.as-i.pl\/?page_id=3060"},"modified":"2025-08-13T09:31:34","modified_gmt":"2025-08-13T09:31:34","slug":"artykuly-techniczne","status":"publish","type":"page","link":"https:\/\/www.as-i.pl\/index.php\/artykuly-techniczne\/","title":{"rendered":"Artyku\u0142y techniczne"},"content":{"rendered":"\n<div style=\"height:15px\" aria-hidden=\"true\" class=\"wp-block-spacer\"><\/div>\n\n\n\n<p style=\"text-align: justify;\"><span style=\"color: #000000;\">Produkty AS-Interface firmy Bihl+Wiedemann mog\u0105 by\u0107 wykorzystywane w najr\u00f3\u017cniejszych zastosowaniach. Serdecznie zapraszam do ciekawej lektury artyku\u0142\u00f3w technicznych, przybli\u017caj\u0105cych zar\u00f3wno przyk\u0142ady zastosowa\u0107 naszych rozwi\u0105za\u0144, jak r\u00f3wnie\u017c omawiaj\u0105cych sam\u0105 technologi\u0119 ASi i jej cechy szczeg\u00f3lne. Dla wygody wszystkie artyku\u0142y zosta\u0142y podzielone na kilka grup tematycznych. <\/span><\/p>\n\n\n\n<table style=\"width: 100%; border-collapse: collapse; background-color: #f2f2f2;\">\n<tbody>\n<tr>\n<td style=\"width: 100%; background-color: #f2f2f2;\">\n<h2><span style=\"text-decoration: underline;\"><span style=\"color: #000080;\"><br><a style=\"color: #000080; text-decoration: underline;\" href=\"https:\/\/www.as-i.pl\/index.php\/category\/artykuly\/asi\/\"><span style=\"color: #003366; text-decoration: underline;\">AS-Interface<\/span><\/a><\/span><\/span><\/h2>\n<ul style=\"list-style-type: circle;\">\n<li>\n<p><strong><a style=\"color: #003366;\" href=\"https:\/\/www.as-i.pl\/index.php\/2021\/03\/23\/co-to-jest-as-interface-2\/\">Co to jest AS-Interface?<\/a><\/strong><br><span style=\"color: #000000;\"><i>Informacje podstawowe na temat AS-Interface oraz przedstawienie wszystkich&nbsp;<\/i><\/span><span style=\"color: #000000;\"><i>korzy\u015bci<\/i><\/span><i style=\"color: #003366;\">&nbsp;<span style=\"color: #000000;\">jakie niesie ze sob\u0105 implementacja tego rozwi\u0105zania.&nbsp;<\/span><\/i><\/p>\n<\/li>\n<li>\n<p><span style=\"color: #003366;\"><strong><a style=\"color: #003366;\" href=\"https:\/\/www.as-i.pl\/index.php\/2020\/08\/26\/przewod-asi-pewny-bezpieczny-i-niesamowicie-szybki-sposob-laczenia\/\">Przew\u00f3d ASi \u2013 pewny, bezpieczny i niesamowicie szybki spos\u00f3b \u0142\u0105czenia.<\/a><\/strong><br><em><span style=\"color: #000000;\">Informacja jak samo zastosowanie przodu ASi i zwi\u0105zanej z nim unikalnej metody instalacji urz\u0105dze\u0144 podrz\u0119dnych, mo\u017ce wp\u0142yn\u0105\u0107 na uzyskanie znacznych korzy\u015bci ekonomicznych.<\/span><\/em><br><\/span><\/p>\n<\/li>\n<li>\n<p><span style=\"color: #003366;\"><strong><a style=\"color: #003366;\" href=\"https:\/\/www.as-i.pl\/index.php\/2020\/08\/20\/asi5-znacznie-wieksze-mozliwosci-polaczone-z-dobrze-znanymi-korzysciami\/\">ASi5 \u2013 znacznie wi\u0119ksze mo\u017cliwo\u015bci po\u0142\u0105czone z dobrze znanymi korzy\u015bciami.<\/a><\/strong><br><em><span style=\"color: #000000;\">Wprowadzenie do najnowszej wersji AS-Interface &#8211; ASi-5. Okre\u015blenie wszystkich najwa\u017cniejszych parametr\u00f3w ASi-5 oraz informacje o tym jak nowa wersja zwi\u0119ksza zakres mo\u017cliwych zastosowa\u0144 aplikacyjnych.<\/span><\/em><br><\/span><\/p>\n<\/li>\n<li>\n<p><span style=\"color: #003366;\"><strong><a style=\"color: #003366;\" href=\"https:\/\/www.as-i.pl\/index.php\/2022\/07\/15\/najlepsze-praktyki-przy-doborze-elementow-asi\/\">Najlepsze praktyki przy doborze element\u00f3w ASi.<\/a><\/strong><br><em><span style=\"color: #000000;\">W artykule dzielimy si\u0119 z Pa\u0144stwem najlepszymi praktykami przy doborze urz\u0105dze\u0144, instalacji, uruchomieniu sieci AS-Interface jak i p\u00f3\u017aniejszym utrzymaniu i diagnostyce.&nbsp;<\/span><\/em><br><\/span><\/p>\n<\/li>\n<li>\n<p><span style=\"color: #003366;\"><strong><a style=\"color: #003366;\" href=\"https:\/\/www.as-i.pl\/index.php\/2021\/12\/21\/diagnostyka-z-bihlwiedemann-prosty-i-przyjazny-proces-kontroli-sieci-as-interface\/\">Diagnostyka z Bihl+Wiedemann \u2013 prosty i przyjazny proces kontroli sieci AS-Interface.<\/a><\/strong><br><em><span style=\"color: #000000;\">Przedstawienie wraz z opisem narz\u0119dzi diagnostycznych jakie firma Bihl+Wiedemann dostarcza swoim kontrahentom, zar\u00f3wno w zakresie urz\u0105dze\u0144 ASi, jak i dodatkowych narz\u0119dzi diagnostycznych.<\/span><\/em><br><\/span><\/p>\n<\/li>\n<li>\n<p><span style=\"color: #003366;\"><strong><a style=\"color: #003366;\" href=\"https:\/\/www.as-i.pl\/index.php\/2022\/11\/27\/decentralizacja-dobrze-i-oszczednie\/\">Decentralizacja \u2013 dobrze i oszcz\u0119dnie.<\/a><\/strong><br><em><span style=\"color: #000000;\">Dlaczego decentralizacja z AS-Interface jest rozwi\u0105zaniem najlepszym z punktu wiedzenia zar\u00f3wno instalacji, jak i koszt\u00f3w projektu.<\/span><\/em><br><\/span><\/p>\n<\/li>\n<li>\n<p><span style=\"color: #003366;\"><strong><a style=\"color: #003366;\" href=\"https:\/\/www.as-i.pl\/index.php\/2021\/09\/29\/moduly-samo-konfigurowalne\/\">Modu\u0142y samo-konfigurowalne<\/a><\/strong><br><em><span style=\"color: #000000;\">ASi-5 umo\u017cliwia przesy\u0142anie znacznie wi\u0119kszej ilo\u015bci danych w znacznie kr\u00f3tszym czasie. Artyku\u0142 na temat nowych modu\u0142\u00f3w ASi5, kt\u00f3rych niew\u0105tpliw\u0105 zalet\u0105 jest elastyczno\u015b\u0107 konfiguracyjna, jako \u017ce \u017cadna nadrz\u0119dna konfiguracja nie jest wymagana.<\/span><\/em><br><\/span><\/p>\n<\/li>\n<li>\n<p><span style=\"color: #003366;\"><strong><a style=\"color: #003366;\" href=\"https:\/\/www.as-i.pl\/index.php\/2022\/04\/30\/nowe-moduly-licznikowe-asi-5-ekonomiczne-rozwiazania-dla-szerokiego-zakresu-zastosowan\/\">Nowe modu\u0142y licznikowe ASi-5 \u2013 ekonomiczne rozwi\u0105zania dla szerokiego zakresu zastosowa\u0144.<\/a><\/strong><br><em><span style=\"color: #000000;\">Wprowadzenie do nowych modu\u0142\u00f3w licznikowych ASi5 i okre\u015blenie ich unikalnych funkcji i opcji, konfigurowanych na etapie uruchamiania sieci ASi w wykorzystaniem pakietu oprogramowania ASi<\/span><\/em><\/span><\/p>\n<\/li>\n<li>\n<p><strong style=\"color: #003366;\"><a style=\"color: #003366;\" href=\"https:\/\/www.as-i.pl\/index.php\/2023\/09\/15\/easy-asi\/\">EASY ASi &#8211; prostota interfejsu AS-i<\/a><\/strong><br><span style=\"color: #000000;\"><em>Jak proste jest zaprojektowanie, stworzenie, instalacja i wdro\u017cenie systemu AS-Interface? Bazuj\u0105c na ostatnich nowo\u015bciach ASi sta\u0142o si\u0119 jeszcze prostszym rozwi\u0105zaniem.<\/em><\/span><\/p>\n<\/li>\n<\/ul>\n<\/td>\n<\/tr>\n<\/tbody>\n<\/table>\n\n\n\n<div style=\"height:36px\" aria-hidden=\"true\" class=\"wp-block-spacer\"><\/div>\n\n\n\n<table style=\"width: 100%; border-collapse: collapse; background-color: #f2f2f2;\">\n<tbody>\n<tr style=\"height: 137px;\">\n<td style=\"width: 100%;\">\n<h2><span style=\"text-decoration: underline;\"><span style=\"color: #000080; text-decoration: underline;\"><span style=\"color: #003366; text-decoration: underline;\"><a style=\"color: #003366; text-decoration: underline;\" href=\"https:\/\/www.as-i.pl\/index.php\/category\/artykuly\/safety\/\">Technologia Bezpiecze\u0144stwa<\/a><\/span><br><\/span><\/span><\/h2>\n<ul style=\"list-style-type: circle;\">\n<li><a href=\"https:\/\/www.as-i.pl\/index.php\/2023\/01\/09\/bezpieczenstwo-funkcjonalne-rozwiazanie-skalowalne-najlatwiejsza-instalacja\/\"><strong><span style=\"color: #003366;\">Bezpiecze\u0144stwo&nbsp;<span style=\"caret-color: #003366;\">funkcjonalne<\/span>&nbsp;&#8211; rozwi\u0105zanie skalowalne,&nbsp;naj\u0142atwiejsza instalacja<\/span><\/strong><\/a><br><em><span style=\"color: #000000;\">Wst\u0119p do ASi Safety At Work, a wi\u0119c integracji funkcji bezpiecze\u0144stwa w sieci AS-Inetrface<br><br><\/span><\/em><\/li>\n<li><a href=\"https:\/\/www.as-i.pl\/index.php\/2023\/01\/12\/as-interface-safety-at-work-technologia-bezpieczenstwa-niezalezna-od-systemu-nadrzednego\/\"><strong><span style=\"color: #003366;\">AS-Interface Safety At Work \u2013 technologia bezpiecze\u0144stwa niezale\u017cna od systemu nadrz\u0119dnego<\/span><\/strong><\/a><br><span style=\"color: #000000;\"><i>W jaki&nbsp;spos\u00f3b rozwi\u0105zanie oparte na AS-Interface jest&nbsp;ca\u0142kowicie niezale\u017cne od nadrz\u0119dnego systemu sterownia,&nbsp;realizuj\u0105c funkcj\u0119 zabezpieczenia maszyn i urz\u0105dze\u0144.&nbsp;<\/i><\/span><\/li>\n<\/ul>\n<ul>\n<li><a href=\"https:\/\/www.as-i.pl\/index.php\/2023\/08\/25\/safe-link-bihlwiedemann-efektywne-dzielenie-sygnalow-bezpieczenstwa\/\"><strong><span style=\"color: #003366;\">Safe Link Bihl+Wiedemann \u2013 efektywne dzielenie sygna\u0142\u00f3w bezpiecze\u0144stwa<\/span><\/strong><\/a><br><span style=\"color: #000000;\"><i>Najprostszy, niewymagaj\u0105cy praktycznie \u017cadnych nak\u0142ad\u00f3w finansowych i wysoce elastyczny spos\u00f3b dzielenia sygna\u0142\u00f3w bezpiecze\u0144stwa mi\u0119dzy Monitorami Bezpiecze\u0144stwa.&nbsp;<\/i><\/span><\/li>\n<\/ul>\n<ul style=\"list-style-type: circle;\">\n<li><a href=\"https:\/\/www.as-i.pl\/index.php\/2023\/02\/02\/funkcja-muting\/\"><strong><span style=\"color: #003366;\">Funkcja Muting &nbsp;\u2013 czasowe i warunkowe zawieszenie funkcji zabezpieczaj\u0105cej<\/span><\/strong><\/a><br><span style=\"color: #000000;\"><i>Co to jest&nbsp;funkcja zawieszenia bezpiecze\u0144stwa kurtyn\/barier \u015bwietlnych i w jaki&nbsp;spos\u00f3b jest realizowana z&nbsp;wykorzystaniem AS-Interface, w&nbsp;spos\u00f3b prosty, intuicyjny i ekonomiczny.&nbsp;<\/i><\/span><\/li>\n<\/ul>\n<ul style=\"list-style-type: circle;\">\n<li>\n<p><strong><a href=\"https:\/\/www.as-i.pl\/index.php\/2021\/06\/15\/bezpieczenstwo-pasywne-bierne-do-sil3-ple\/\"><span style=\"color: #003366;\">Bezpiecze\u0144stwo pasywne (bierne) do SIL3\/PLe<\/span><\/a><\/strong><br><em><span style=\"color: #000000;\">Co to jest bezpiecze\u0144stwo pasywne i dlaczego AS-Interface jest rozwi\u0105zaniem idealnym we wszystkich aplikacjach korzystaj\u0105cych z tej technologii.&nbsp;<\/span><\/em><\/p>\n<\/li>\n<li><strong><a href=\"https:\/\/www.as-i.pl\/index.php\/2023\/10\/20\/wybor-trybu-bezpiecznej-pracy\/\"><span style=\"color: #003366;\">Wyb\u00f3r Trybu Bezpiecznej Pracy<\/span><\/a><\/strong><br><span style=\"color: #000000;\"><em>Skomplikowanie i z\u0142o\u017cono\u015b\u0107 system\u00f3w zautomatyzowanych cz\u0119sto wymaga zapewnienia mo\u017cliwo\u015bci pracy poszczeg\u00f3lnych cz\u0119\u015bci systemu w trybie bezpiecznym (np. podczas prac serwisowych). Z ASi Safety At Work implementacja takiej funkcjonalno\u015bci jest prosta i&nbsp;<\/em><i>bezkosztowa.<\/i><\/span><\/li>\n<\/ul>\n<\/td>\n<\/tr>\n<\/tbody>\n<\/table>\n\n\n\n<div style=\"height:36px\" aria-hidden=\"true\" class=\"wp-block-spacer\"><\/div>\n\n\n\n<table style=\"width: 100%; border-collapse: collapse; background-color: #f2f2f2; height: 137px;\">\n<tbody>\n<tr style=\"height: 137px;\">\n<td style=\"width: 100%; height: 137px;\">\n<h2><span style=\"color: #003366;\"><a style=\"color: #003366;\" href=\"https:\/\/www.as-i.pl\/index.php\/category\/artykuly\/automatyzacja\/\"><span style=\"text-decoration: underline;\">Technologia Automatyzacji<\/span><\/a><\/span><\/h2>\n<ul style=\"list-style-type: circle;\">\n<li>\n<p><strong><a href=\"https:\/\/www.as-i.pl\/index.php\/2020\/12\/03\/technika-transportowa-i-napedowa-asi-z-lenze-smart-motor\/\"><span style=\"color: #003366;\">Technika transportowa i nap\u0119dowa \u2013 ASi z Lenze Smart Motor<\/span><\/a><\/strong><br><em><span style=\"color: #000000;\">Lenze Smart Motor I AS-Interface stanowi\u0105 idealne po\u0142\u0105czenie. Przedstawienie rozwi\u0105za\u0144 ASi dedykowanych do obs\u0142ugi tych rewolucyjnych nap\u0119d\u00f3w firmy Lenze.<\/span><\/em><\/p>\n<\/li>\n<li><strong><a href=\"https:\/\/www.as-i.pl\/index.php\/2022\/12\/08\/rozwiazania-napedowe-z-asi-5-krotkie-czasy-cyklu-i-wysoka-przepustowosc-danych\/\" target=\"_blank\" rel=\"noopener\"><span style=\"color: #003366;\">Rozwi\u0105zania nap\u0119dowe z ASi-5 \u2013 kr\u00f3tkie czasy cyklu i wysoka przepustowo\u015b\u0107 danych<\/span><\/a><br><\/strong><span style=\"color: #000000;\"><i>Rozwi\u0105zanie dla nap\u0119d\u00f3w (dedykowane i standardowe) dost\u0119pne w zakresie&nbsp;produkt\u00f3w ASi-5, kt\u00f3ra&nbsp;umo\u017cliwia znacznie lepsz\u0105 integracj\u0119 znanych nap\u0119d\u00f3w w zakresie sieci AS-Interface.<\/i><\/span><\/li>\n<\/ul>\n<\/td>\n<\/tr>\n<\/tbody>\n<\/table>\n\n\n\n<div style=\"height:36px\" aria-hidden=\"true\" class=\"wp-block-spacer\"><\/div>\n\n\n\n<table style=\"width: 100%; border-collapse: collapse; background-color: #f2f2f2; height: 137px;\">\n<tbody>\n<tr style=\"height: 137px;\">\n<td style=\"width: 100%; height: 137px;\">\n<h2><span style=\"color: #003366;\"><a style=\"color: #003366;\" href=\"https:\/\/www.as-i.pl\/index.php\/category\/artykuly\/komunikacja\/\"><span style=\"text-decoration: underline;\">Komunikacja<\/span><\/a><\/span><\/h2>\n<ul style=\"list-style-type: circle;\">\n<li>\n<p><strong><a href=\"https:\/\/www.as-i.pl\/index.php\/2024\/03\/18\/fsoe-integracja-i-wykorzystanie-z-as-interface-artykul-goscinny\/\"><span style=\"color: #003366;\">Integracja FSoE z AS-Inteface<\/span><\/a><\/strong><br><span style=\"color: #000000;\"><em>Artyku\u0142 go\u015bcinny napisany przez w\u0142a\u015bciciela firmy fi automation i in\u017cyniera o wieloletnim do\u015bwiadczeniu praktycznym &#8211; Krystiana Czy\u017cewskiego.<\/em><\/span><\/p>\n<\/li>\n<\/ul>\n<\/td>\n<\/tr>\n<\/tbody>\n<\/table>\n\n\n\n<div style=\"height:36px\" aria-hidden=\"true\" class=\"wp-block-spacer\"><\/div>\n\n\n\n<table style=\"width: 100%; border-collapse: collapse; background-color: #f2f2f2; height: 137px;\">\n<tbody>\n<tr style=\"height: 137px;\">\n<td style=\"width: 100%; height: 137px;\">\n<h2><span style=\"color: #003366;\"><a style=\"color: #003366;\" href=\"https:\/\/www.as-i.pl\/index.php\/category\/artykuly\/io-link\/\"><span style=\"text-decoration: underline;\">IO-Link<\/span><\/a><\/span><\/h2>\n<ul style=\"list-style-type: circle;\">\n<li>\n<p><strong><a href=\"https:\/\/www.as-i.pl\/index.php\/2020\/08\/24\/io-link-z-bihlwiedemann-rozwiazanie-proste-elastyczne-i-rewelacyjne-cenowo\/\"><span style=\"color: #003366;\">IO-Link z Bihl+Wiedemann \u2013 rozwi\u0105zanie proste, elastyczne i rewelacyjne cenowo<\/span><\/a><\/strong><br \/><span style=\"color: #000000;\"><em>Obs\u0142uga IO-Link by\u0142a zawsze mo\u017cliwa z wykorzystaniem AS-Interface, ale dopiero wraz z pojawieniem si\u0119 ASi-5 sta\u0142a si\u0119 ona mo\u017cliwa w pe\u0142nej szybko\u015bci wymiany danych. Informacje na temat modu\u0142\u00f3w (r\u00f3wnie\u017c 1-portowych) b\u0119d\u0105cych Masterami IO-Link i urz\u0105dzeniami podrz\u0119dnymi ASi. Integracja czujnik\u00f3w inteligentnych IO-Link nigdy nie by\u0142a prostsza.<\/em><\/span><\/p>\n<\/li>\n<\/ul>\n<\/td>\n<\/tr>\n<\/tbody>\n<\/table>\n\n\n\n<p><\/p>\n\n\n\n<div style=\"height:46px\" aria-hidden=\"true\" class=\"wp-block-spacer\"><\/div>\n\n\n\n<hr class=\"wp-block-separator has-alpha-channel-opacity is-style-dots\"\/>\n\n\n\n<div style=\"height:100px\" aria-hidden=\"true\" class=\"wp-block-spacer\"><\/div>\n","protected":false},"excerpt":{"rendered":"<p>Produkty AS-Interface firmy Bihl+Wiedemann mog\u0105 by\u0107 wykorzystywane w najr\u00f3\u017cniejszych zastosowaniach. Serdecznie zapraszam do ciekawej lektury artyku\u0142\u00f3w technicznych, przybli\u017caj\u0105cych zar\u00f3wno przyk\u0142ady zastosowa\u0107 naszych rozwi\u0105za\u0144, jak r\u00f3wnie\u017c omawiaj\u0105cych sam\u0105 technologi\u0119 ASi i jej cechy szczeg\u00f3lne. Dla wygody wszystkie artyku\u0142y zosta\u0142y podzielone na kilka grup tematycznych. AS-Interface Co to jest AS-Interface?Informacje podstawowe na temat AS-Interface oraz przedstawienie wszystkich&nbsp;korzy\u015bci&nbsp;jakie [&hellip;]<\/p>\n","protected":false},"author":1,"featured_media":0,"parent":0,"menu_order":0,"comment_status":"closed","ping_status":"closed","template":"","meta":{"footnotes":""},"class_list":["post-3060","page","type-page","status-publish","hentry"],"_links":{"self":[{"href":"https:\/\/www.as-i.pl\/index.php\/wp-json\/wp\/v2\/pages\/3060","targetHints":{"allow":["GET"]}}],"collection":[{"href":"https:\/\/www.as-i.pl\/index.php\/wp-json\/wp\/v2\/pages"}],"about":[{"href":"https:\/\/www.as-i.pl\/index.php\/wp-json\/wp\/v2\/types\/page"}],"author":[{"embeddable":true,"href":"https:\/\/www.as-i.pl\/index.php\/wp-json\/wp\/v2\/users\/1"}],"replies":[{"embeddable":true,"href":"https:\/\/www.as-i.pl\/index.php\/wp-json\/wp\/v2\/comments?post=3060"}],"version-history":[{"count":76,"href":"https:\/\/www.as-i.pl\/index.php\/wp-json\/wp\/v2\/pages\/3060\/revisions"}],"predecessor-version":[{"id":3964,"href":"https:\/\/www.as-i.pl\/index.php\/wp-json\/wp\/v2\/pages\/3060\/revisions\/3964"}],"wp:attachment":[{"href":"https:\/\/www.as-i.pl\/index.php\/wp-json\/wp\/v2\/media?parent=3060"}],"curies":[{"name":"wp","href":"https:\/\/api.w.org\/{rel}","templated":true}]}}